6642. What is the ten thousands digit of g?
2
Suppose 0 = 33*v - 1828818 - 622356. What is the tens digit of v?
7
Let a(v) = 453*v**3 + 52*v**2 - 109*v + 3. What is the tens digit of a(2)?
1
Let l(o) = -159*o**3 + 6*o**2 + 2*o - 12. What is the hundreds digit of l(-2)?
2
What is the tens digit of 10*(-11)/(-330)*21 + 7122?
2
Suppose -10 = 2*i - 4*l, -3*l + 5 = -2*i - 2. What is the units digit of i*669/1*(1 - 0)?
9
Let d(r) = 2836*r**2 - 85*r - 283. What is the thousands digit of d(-3)?
5
Let o be 2/3 - 536/(-6). Let z = -7186 + 7190. Suppose 6*d = 2*d + 2*r + o, -z*r + 20 = 0. What is the units digit of d?
5
Let z = -7171 - -14851. What is the thousands digit of z?
7
Let p(t) = 6*t**2 + 717*t - 308. What is the thousands digit of p(-128)?
6
Suppose -409*b + 5501950 + 2943082 = 0. What is the thousands digit of b?
0
Suppose 14*p - 53429 = 85978 + 331189. What is the thousands digit of p?
3
What is the tens digit of 2/(-5)*(-3428500)/200?
5
Let p be (-4)/(-6)*-3*-2. Let q be (-747)/(-332) - 2/8. Suppose -4*u = q*a - 458, 3*u + 2*a - p*a = 347. What is the tens digit of u?
1
Let l(a) = 3546*a - 1286. What is the hundreds digit of l(5)?
4
Let t(d) = -2*d**3 - 18*d**2 - 5*d + 15. Let i = 96 - 59. Let f = -46 + i. What is the tens digit of t(f)?
6
Let f be -7 + 6 + (0 + -6)/(-3). Let y be 1/(-2)*(1 - f). What is the tens digit of ((0 - -1) + y)*-1 - -99?
9
Let g be 1360/6 + 35/105. Suppose g*m = 220*m + 3353. What is the tens digit of m?
7
Suppose -99212 = -8*o - 2*d, 0*d + 2*d = 3*o - 37221. What is the hundreds digit of o?
4
Let d be (-36)/54 - 436/(-6). Suppose 1849 = 11*y + 265. Let o = d + y. What is the tens digit of o?
1
Let k = 144 - 140. Let c(t) = 114*t**2 + t + 2. Let d be c(-1). Suppose -b + d = k*b. What is the units digit of b?
3
Let t = 79 - 72. Let s(n) = 0 + 9*n + t*n - 1 + 10*n. What is the tens digit of s(2)?
5
Let v be 80/100 - 4/5. Suppose -34*j + 1803 + 951 = v. What is the tens digit of j?
8
Let v(c) = -530*c + 703. What is the tens digit of v(-23)?
9
Let m be 1870 - (3 - 4) - -3. Suppose -22*h + 20*h - 4*l + m = 0, 4*h = -5*l + 3754. What is the hundreds digit of h?
9
Suppose 2*g = 2*s - 6774 + 204, g = 5*s - 16421. Let w = s - 1869. What is the hundreds digit of w?
4
Let t(s) = s**2 + 24*s - 76. Let o be t(-27). Suppose 4*z = -0*z + o*w + 7460, 0 = -3*w. What is the hundreds digit of z?
8
Let b(p) = 6*p**2 + 92*p + 138. What is the tens digit of b(-30)?
7
Let d(x) = 217*x**2 - 49*x + 17. What is the tens digit of d(4)?
9
Let w = 5300 - -4045. What is the thousands digit of w?
9
What is the ten thousands digit of (-14220)/63*5152/(-64)?
1
Suppose 0 = 4*i - 11*i - 21. Let z be i/((-9)/150)*5. Let y = z - 125. What is the tens digit of y?
2
Let r(m) = 2*m**2 - 3*m + 7. Let q be r(2). Suppose q = -4*z - 4*n - 11, -3*z = -5*n - 9. What is the tens digit of (((-2)/(-2))/1)/(z/(-212))?
0
Suppose -2*s - 3*a = a - 268, 0 = -4*s - a + 557. Let y = -66 + s. Suppose -3*h + y = -2*n, 0 = 3*h - n - 49 - 21. What is the units digit of h?
2
Let c = -261 + 2921. Suppose -2*m + 2*t = 3*m - 2660, 0 = -5*m + 4*t + c. What is the units digit of m?
2
What is the ten thousands digit of (0 + 586/4)*210 - (-212 - -210)?
3
Let w = 118 - 116. Suppose -2*q - 4*y + 526 = 0, q + q + w*y = 520. What is the hundreds digit of q?
2
Let m(v) = -6*v**2 - 5*v - 4. Let y be m(-2). Let h be (-2)/(-1)*9/y. What is the units digit of ((-2)/4)/(h/340*2)?
5
Suppose 2*v = 13209 + 7591. Suppose -7*c - v = -47*c. What is the tens digit of c?
6
Let g = -6379 - -12327. What is the tens digit of g?
4
Let j(z) be the second derivative of -z**4/12 - 17*z**3/3 + 33*z**2/2 + 2*z - 8. What is the tens digit of j(-24)?
7
Suppose -29697 = -5*p - 14*p. Suppose 3*x = -4*h + p, 5*x + 551 = 3*h - 614. What is the tens digit of h?
9
Let t = 321 + 14. Suppose -t = -3*k + 745. What is the units digit of k?
0
Let z be -13 - (-4)/(-8)*-4. Let w be (-8)/(-44) - 240/z. Suppose -5*u - m - w + 295 = 0, -4*u - 5*m + 210 = 0. What is the tens digit of u?
5
Let b = 29243 + -18986. What is the thousands digit of b?
0
Suppose -10*l + 7*l = 9. Let h be -48*((-87)/27 - l)*-9. Let o = 199 + h. What is the hundreds digit of o?
1
Suppose 15186 = 5*b + 2*h, -4*b - h = 1762 - 13909. Suppose -i + w = -5*i + b, 0 = -w - 4. What is the tens digit of i?
6
Let d = 58 - -87. Let x = d - 90. What is the tens digit of 4521/x + 1/(-5)?
8
Suppose -28*d - 80 = -44*d. Suppose -3372 = -9*m + d*m. What is the tens digit of m?
4
Suppose -66808 = -4*w + h, 4*w = 3*h - 12109 + 78925. What is the tens digit of w?
0
Suppose -2*v - 113*f = -111*f - 64092, -4*v + f + 128154 = 0. What is the hundreds digit of v?
0
Suppose -3*z - 243 = -2*t, 0 = -0*z + 2*z - 2. Let n be 60/(-140)*-21*2/(-6). What is the tens digit of -2 + (-2)/n*t?
8
Suppose 85*p = 4*o + 84*p - 1220, 2*p = o - 291. What is the units digit of o?
7
Suppose d - 6*d - 38 = -3*q, -2*q = -d - 9. Suppose -3*y = -2*y + 14. What is the units digit of (-82)/((y/(-4))/d)?
4
Let s be (-65)/10*-36 - -1. Suppose 4*v + 733 = 4*h - h, v = -h + s. Let z = h + -22. What is the units digit of z?
7
Let j = -41 + 60. Suppose -2*y = -3*g - j, 0*g - 5*g = -2*y + 25. Suppose q = -3*h - q + 217, 5*h - 395 = y*q. What is the tens digit of h?
7
Let m = 307 + -342. Let p = m - -861. What is the units digit of p?
6
Let h = 116 - 89. Suppose f - 1261 = 4*d + h, 3*f - 3*d = 3837. Suppose -190 = 6*g - f. What is the tens digit of g?
8
Let b(w) = w**3 + 35*w**2 - w + 26. Let p be b(-36). Let v = p + 2545. What is the hundreds digit of v?
3
Let x(o) = 148*o**2 + 32*o - 139. What is the thousands digit of x(5)?
3
Let s = -115 - -61. Let z = s - -54. Suppose 2*n = -4*y + 222, 5*y + z*y - 273 = -n. What is the tens digit of y?
5
Let w(n) = 4*n**2 + 26*n - 3. Let f = 14 - -18. Suppose f = -5*a + a. What is the tens digit of w(a)?
4
Let g(n) = 14 + 3*n**3 + 5*n + 42*n**2 + 47*n**2 - 96*n**2. What is the units digit of g(6)?
0
Let u(g) = -g**2 - g - 1. Let x(m) = 5*m**2 - 31*m + 27. Let o(p) = 6*u(p) + x(p). What is the units digit of o(-22)?
1
Let h = 826 - 375. Let z = h - -230. Suppose 3*w - z = -81. What is the tens digit of w?
0
Let c = -3145 + 3719. What is the hundreds digit of c?
5
Suppose 516*y - 507*y = 459. Let t = -3 - -3. Suppose t = -i + g - 8 + 26, 2*i - y = -3*g. What is the units digit of i?
1
Let x(g) = g**3 - 4*g**2 - 5*g + 1. Let k be x(5). Suppose -h + 29 + k = 0. Suppose -7*v + 5*v + h = 0. What is the tens digit of v?
1
Suppose -4 = -4*i + 5*v, -2*i + 5 = 3*i - v. Suppose -i = l, -c - 3*l = l - 215. What is the hundreds digit of c?
2
Let d(a) = 21*a**2 + 17*a + 1212. What is the units digit of d(-23)?
0
Let y = 389 - 385. Suppose -5*f = x - 327, y*x - 1205 = f + 40. What is the units digit of x?
2
Let t(a) = -a - 2. Let y be t(0). Let x be -2*4/10*(-6 - -11). What is the units digit of y/8*x - -108?
9
Let z be 152/4*((-45)/10 - -5). What is the units digit of 1*(z/38 - 361/(-2))?
1
What is the units digit of (79 + (9 - 1))/(6/566)?
7
Suppose 0 = -f - j + 5, -2*f - 2*j = j - 12. Suppose f*z = -b - 5 - 1, b = 2*z + 9. Suppose b*u - 57 = 3*r, 2*u + 2*r - 15 = 19. What is the tens digit of u?
1
Let c(q) = 7*q**2 + 2*q + 19. Let x = 23 + -14. Let t be c(x). Let i = -404 + t. What is the hundreds digit of i?
2
Let q(z) = -9*z - 35. Let d = 219 - 105. Suppose -7*a - d = 12. What is the hundreds digit of q(a)?
1
Suppose 4*b + 2*h - 638 = -0*h, 3*b = -2*h + 476. Let s be (-1)/(((-8)/b)/(-4)). Let d = 149 + s. What is the units digit of d?
8
Let l = 22190 - -13299. What is the thousands digit of l?
5
Let g(u) = 12*u**2 - 5*u + 4. Let n(i) = -13*i**2 + 5*i - 5. Let z(d) = 7*g(d) + 6*n(d). What is the units digit of z(-8)?
2
Suppose 24*k = 27*k - 9. Suppose 0 = -5*r + k*j + 931, -3*r + 6*r + 5*j = 579. Suppose -2*l = -4*l + r. What is the tens digit of l?
9
Let x be 41242/51*3/4*2. Suppose -22*i = -15227 + x. What is the tens digit of i?
3
Suppose -10*r - 2*y + 19047 = -7*r, -3 = y. What is the units digit of r?
1
Suppose -c = -2*j + 3*j - 88, -190 = -2*c + 5*j. Let b = 98 - c. Suppose -b*l + 6*l = -456. What is the tens digit of l?
2
Suppose -3*b = -4*b + 3. Suppose -3*q = b - 9. Suppose -4*j = 3*o - 132, q*j - 220 = -6*o + o. What is the tens digit of o?
4
Suppose 5*z = -5*d + 105